l(s) = 2*s**3 + 3*s**2 - 5*s + 6. Let y be (-4 + 3)*(-1 + 2)*0. Let p be 2 + (0 - y*2/(-2)). Let j be l(p). What is the highest common factor of 168 and j?
24
Suppose 0 = 5*u - 3*u. Suppose u*f + 2*f = -5*k - 16, 3*f + k - 2 = 0. Let h be ((-4)/1)/(f/(-6)). What is the highest common factor of h and 84?
12
Suppose 17 = -2*t - 1. Let k = t + 16. Let v(p) = 27*p - 391. Let q be v(15). Calculate the highest common divisor of k and q.
7
Let r(n) = -26*n**2 - 25*n + 73 - 23 + 3*n**2 + n**3. Let b be r(24). Let k be -1 - 1 - 92*-2. Calculate the highest common factor of b and k.
26
Suppose -5*a + 206 = -319. Let g be ((-658)/(-4))/((-8)/(-208)*13). Suppose -g*d - 42 = -331*d. What is the highest common divisor of a and d?
21
Let n = -24 - -26. Let q(k) = -2*k**2 - 31*k - 116. Let g be q(-7). Calculate the greatest common divisor of g and n.
1
Let s be 4*2 + (578 - 244). Calculate the highest common factor of 270 and s.
18
Let r be 287 - 49 - (0 - -17). What is the highest common factor of 1088 and r?
17
Suppose -46 = 16*q - 17*q + 5*u, 2*u = 2*q - 76. What is the highest common divisor of 1314 and q?
18
Let a = -4618 + 6467. Calculate the highest common factor of a and 129.
43
Let x = -3461 + 5508. What is the highest common divisor of 138 and x?
23
Let p(n) = n**3 - 40*n**2 + 292*n + 15. Let s be p(9). Calculate the greatest common factor of s and 636.
12
Let d = -14815 + 15029. What is the greatest common factor of 13161 and d?
107
Suppose -2*q + 7*q + n + 18 = 0, -2*q = 3*n + 2. Let l be (q + -1)*(-9 - -10). Let x be ((-51)/9 - l)*(-63)/2. Calculate the highest common factor of x and 14.
7
Let a(b) = b**3 - b**2 - 19. Let q be (-770)/(-90) + -9 + 40/9. Let p be a(q). Let h = 193 + -106. What is the highest common factor of p and h?
29
Suppose 0 = 11*t - 16*t + 420. Let x = t + -64. Suppose 0 = -5*y - 0 + x. What is the highest common divisor of y and 36?
4
Let g be 12 + 28/(-56)*-6142. What is the greatest common factor of 1 and g?
1
Let z(o) be the first derivative of -16*o**4 - o**3 + o**2 + 4*o + 12. Let d be z(-1). Calculate the highest common divisor of d and 28.
7
Suppose 0 = 5*z - 3*w - 17, 4*z + 8*w - 21 = 3*w. Let v be z*(-2 + 1) + 89. Calculate the highest common divisor of 34 and v.
17
Let d(p) = p**3 + 25*p**2 - 59*p - 27. Let r be d(-27). What is the highest common factor of 2916 and r?
108
Suppose -m + 12 = -3. Let q = 81 - m. Suppose 4*n - n = -c + q, n = 2*c - 104. What is the greatest common divisor of c and 6?
6
Suppose 21*d = 22*d. Suppose -y = -4*y - 4*z + 196, d = 5*y - 2*z - 292. What is the greatest common divisor of y and 210?
30
Suppose 68 = 3*r + g - 193, 0 = g. What is the highest common divisor of 33 and r?
3
Let w(y) = 2*y**2 - y + 17. Let h = -43 + 32. Let l be w(h). Let x be (1/3)/(6/l). Calculate the highest common divisor of x and 150.
15
Let p(o) = o**3 + 4*o**2 - o - 3. Let n be p(-3). Let v(x) = -x + 16. Let s be v(n). Let y be 29*-1*(-10 + s). What is the highest common divisor of y and 29?
29
Suppose 0 = -5*m - 3*r + 9, 3*m - 3 = -2*r - r. Suppose 4*k - 6 + 10 = 0, 3 = j - 2*k. What is the highest common factor of j and m?
1
Let f = -17047 - -37247. What is the highest common factor of 200 and f?
200
Let q(r) = 7*r**2 - 3*r - 3. Let g be q(-3). Let v = 1884 - 1234. Let w = 696 - v. What is the greatest common factor of g and w?
23
Let l be -8 + (-4)/((-1610)/(-150) + -11). What is the greatest common divisor of l and 6727?
7
Let u = 15180 + -14875. What is the greatest common factor of u and 2501?
61
Let l be (-13*14/(-273))/(2/14475). Calculate the highest common factor of l and 25.
25
Suppose 88 = 4*v - 0*v. Suppose 92*i - 391 = -5*d + 90*i, -3*i - 68 = -d. Calculate the highest common divisor of d and v.
11
Let j(p) be the third derivative of -59/12*p**4 + 0*p + p**3 + 0 - 12*p**2. Let u be j(-3). Calculate the highest common factor of 40 and u.
40
Suppose 2*r = 4*d - 132, 6*d = -5*r + 5*d - 374. Let h = 111 + r. What is the greatest common factor of 111 and h?
37
Let j(l) = -104*l - 486. Let y be j(-9). What is the highest common divisor of y and 24?
6
Suppose 4*h - t - 28 = 3*t, -4*h + 13 = t. Let j(n) = 2*n**3 + 20*n**2 + 10*n. Let b be j(-9). Let l = b + -52. Calculate the greatest common factor of h and l.
4
Suppose 0 = -0*f - 8*f + 1712. Suppose 18*u - 3 = 17*u. Suppose 8*r = u*r + 2*p + 269, -2*p = -4*r + f. Calculate the highest common factor of r and 11.
11
Let k be (-1968)/(-18) + 52/(-39). Suppose -61*d = -36*d - 600. What is the highest common factor of k and d?
12
Let f = 3070 + -2498. Let w(y) = -y**3 + 9*y**2 - 3*y + 12. Let u be w(8). Calculate the greatest common divisor of f and u.
52
Let r(g) = g**3 - 18*g**2 + 80*g - 40. Let d be r(6). Calculate the greatest common divisor of d and 824.
8
Let j = 5032 + -3288. Suppose -2*l - 4*r + 900 = 2, -4*l + 5*r = -j. What is the highest common factor of l and 49?
49
Suppose -5712 = -5*b + 4*y, 277*y = 274*y + 6. What is the highest common divisor of 2024 and b?
88
Suppose -3*u - r + 12 = 0, 32 = 3*u + u - 4*r. Suppose 10*h - 20 = u*h. Suppose 0*j + j = -2, h*s - 2*j = 884. What is the greatest common factor of s and 20?
20
Let r(m) = 25*m - 336. Let t be r(14). Let d(j) = 38*j - 357. Let w be d(t). Calculate the greatest common divisor of w and 50.
25
Let k be 10*(3 - (8 + -253))/10. Calculate the highest common factor of 403 and k.
31
Let o = -14871 - -41794. What is the highest common factor of 494 and o?
247
Let l(x) = -x**3 - 2*x**2 + 2*x + 6. Let y be l(0). Suppose -4*a = 2*k - 200, 16 - y = 2*a. Calculate the greatest common factor of k and 30.
30
Suppose -3*o - 4 = -w + 2, -3*o = w - 6. Suppose -w*p + 38 = 8. What is the greatest common factor of 10 and p?
5
Suppose 0 = 2*v - 2*r - 96, -6*v + 199 = -2*v + 3*r. Let j be 31 + -2*((-15)/(-5) - -2). What is the greatest common divisor of v and j?
7
Let j = 100 + -96. Suppose -46 = -5*b + j*b. Suppose m - b = -2*r, 0 = 5*m + r - 85 - 100. What is the highest common divisor of m and 8?
4
Let s(h) = -53*h - 907. Let q be s(-20). Calculate the greatest common factor of 85 and q.
17
Let g be (117/6)/((-111)/(-148)). Calculate the highest common divisor of g and 10894.
26
Let v = 184194 - 184064. Let p be -1 + (0 - 1) + 9. Suppose -p + 33 = u. What is the highest common factor of u and v?
26
Let h(w) = -29*w**2 - 52 - 8*w + 31*w**2 + 7*w. Let u be h(-5). What is the greatest common divisor of u and 12?
3
Suppose 672 = -2*i + 144. Let p be 120/48*i/(-10). What is the greatest common factor of p and 99?
33
Let z be (-2*(-12)/(-3))/(-1). Suppose -13*a + 11*a = 84. Let p be (-4)/(40/a) - 2/10. What is the greatest common divisor of p and z?
4
Let g = 27974 - 18316. What is the highest common divisor of 110 and g?
22
Let b = -3813 - -3914. Calculate the highest common factor of 808 and b.
101
Let j(g) = 17*g**2 - 4. Let q be j(4). Suppose 24 = 3*i, 0 = 3*u - 6*i + i - 161. What is the greatest common divisor of u and q?
67
Let j(c) = -2*c**2 - 19*c - 12. Let s be j(-12). Let q = 70 + s. Let p be -2 + -2 + 3 + 6 + q. Calculate the greatest common factor of p and 12.
3
Let d(l) = -l**3 + 8*l**2 - 16*l + 8. Let v be d(5). Let h be ((-746)/(-6) - (-88)/(-66))*v. What is the greatest common factor of h and 9?
9
Suppose 2*x = -3*f - 21, 2*x + 5*f - 7 = x. Let u be x/6 - -29*1. Let q be 3324/u + (12/39)/2. Calculate the greatest common divisor of 32 and q.
32
Let w(u) = u**3 - 4*u**2 - u - 6. Let l be w(5). Suppose -21*r - 672 = -45*r. What is the highest common divisor of r and l?
14
Let l(m) = m**2 + 4*m + 4. Let z be l(0). Suppose z*n = -4*i + 400, -3*i + 4*n = -391 + 56. Let j = -12 + 33. What is the greatest common factor of i and j?
21
Let g(n) = 6*n**2 - 8 - n - n - 3*n - 23. Let v be g(7). Calculate the highest common divisor of v and 60.
12
Suppose 1687 = 83*p - 82*p + 2*i, -3366 = -2*p - 2*i. What is the highest common divisor of p and 92?
23
Let o = -5574 + 5676. What is the greatest common divisor of 2686 and o?
34
Let b be (-60)/(-110) + (22122/33)/3. Let g(w) = 5*w**2 - 4*w + 4. Let o be g(-2). Calculate the greatest common divisor of b and o.
32
Let m = 2105 - 2090. Calculate the highest common factor of 1185 and m.
15
Suppose -10 = 5*q, -3*k + 148*q - 151*q = -138. What is the greatest commo